717 and z.
63
Suppose -53*a = -55*a + 3*o + 39, -5*o = -2*a + 41. Let i(s) = -s**3 - 3*s**2 + 8*s - 14. Let q be i(-7). Calculate the highest common factor of a and q.
18
Let d = 718 - 676. What is the highest common divisor of d and 276?
6
Let f = -1345 - -1432. Let u = 79 - 50. What is the greatest common divisor of u and f?
29
Let l(x) = -359*x - 460. Let p be l(-8). What is the highest common divisor of 252 and p?
36
Suppose 5*i - 7*i + 8 = 0. Suppose i*f - y + 203 = 5*f, -3*y = 0. Calculate the highest common divisor of f and 7.
7
Let d = 78 - 56. Suppose -431 = -d*k - 123. Let o be ((-21)/(-2))/(1/12). Calculate the highest common factor of k and o.
14
Suppose w - 6*w + 270 = 0. Let b be -21 + 5/((-25)/(-780)). What is the highest common factor of w and b?
27
Let n be ((-22)/4 + 0)*2. Let d = 24 + n. Let s = -397 + 540. What is the greatest common factor of s and d?
13
Let f(i) = 2*i - 4. Let u be f(6). Suppose -11*v + 237 = -3283. Suppose 2*p = -18*p + v. Calculate the greatest common factor of p and u.
8
Let g be 9 + 1*0/(-1). Let d(f) = -17*f - 130. Let n be d(-19). Let r = 202 - n. Calculate the greatest common factor of r and g.
9
Suppose 2*o - 3*s - 6073 = 0, -3*s = 526*o - 531*o + 15151. What is the highest common factor of o and 34?
34
Let k(s) = s**3 - 6*s**2 + 8*s - 7. Let a be k(6). Let g = -20 + a. Let y = g - -19. What is the highest common factor of 10 and y?
10
Let g be (-159)/2*5/((-30)/8). Suppose -g = 6*k + 2. Let f be ((-1)/(-3))/(k/27)*-24. What is the highest common factor of 108 and f?
12
Let s(z) = -25*z - 10. Let d be s(-2). Let u be 9 + -6 - (-25 + -2). Let k = u + -20. What is the highest common factor of d and k?
10
Let h = -2978 + 2992. What is the greatest common factor of 1582 and h?
14
Suppose -z = 2*q - 1192 - 5390, 0 = 2*q - 2*z - 6576. Calculate the greatest common divisor of 210 and q.
70
Let w(b) = 3*b - 2. Let n be w(5). Let f be (1 + -3 - 20)*n/(-2). Let r = -115 + f. Calculate the greatest common factor of 28 and r.
28
Let f(v) = v**2 + 78*v + 1182. Let n be f(-16). What is the greatest common factor of 25 and n?
5
Let h(q) = -q**3 - 5*q**2 - 2*q + 4. Let f be h(-3). Let u be (0 - 2)*f/4. Suppose -202*d - 4*d + 1648 = 0. Calculate the highest common factor of d and u.
4
Suppose -5*t = -27 + 42, -5*w + 2*t - 14 = 0. Let r(j) = -j**3 - 3*j**2 + 7*j + 27. Let q be r(w). Calculate the greatest common divisor of 12 and q.
3
Let v(z) = -2*z**3 - 74*z**2 - 17*z + 15. Let l be v(-37). What is the highest common divisor of 1564 and l?
92
Suppose -199*o + 154871 = -46517. Calculate the highest common divisor of 308 and o.
44
Let b = 649 + -103. Let v be (6 - 50)*14/(-4) + 2. What is the highest common factor of v and b?
78
Let y be 14/6 + -2 - 1184/(-12). Suppose 4*j + 69 = -15. Let h = j - -32. What is the greatest common divisor of h and y?
11
Suppose -a - 799 + 849 = -k, -5*a = 4*k - 295. Let d(o) = -2*o + 1. Let w be d(-2). What is the greatest common factor of a and w?
5
Suppose 0 = -3*c + 3*k + 348, -4*c + 3*k + 462 = -2*k. Suppose -13*w = 580 - 606. Calculate the greatest common divisor of c and w.
2
Let r = 17 + -11. Suppose 5*b + r = -9. Let s be -4 + b + 6 + 2. Calculate the highest common divisor of s and 9.
1
Let x = -1284 + 1294. Suppose h - 10 - 171 = -2*q, 2*q - 4*h - 176 = 0. Calculate the highest common divisor of x and q.
10
Suppose -3*g + 670 = -2*h, 4*h - h = 5*g - 1117. Let d be 14028/(-334)*(-2 + 3 - 3). What is the greatest common divisor of g and d?
28
Suppose 236 = 4*c - 4*d, -c - 16 = -2*d - 70. Calculate the greatest common factor of 2048 and c.
64
Let z = 701 - 151. Suppose -f + 232 + z = 0. What is the greatest common divisor of 46 and f?
46
Let q be 2 + 6068 + -1 + -1 - 10. Calculate the greatest common divisor of q and 52.
26
Let o = 60 + -51. Let n be -3 - 3*(-6)/3. Let y be 3/n*(o/3 - -10). Calculate the greatest common divisor of y and 104.
13
Let w(i) = 9*i**2 + 25*i + 27. Let y(s) = -8*s**2 - 23*s - 26. Let r(f) = -6*w(f) - 7*y(f). Let z be r(-5). What is the highest common factor of z and 45?
15
Let n be -1 + -1 + 0/(-4). Let p(k) be the first derivative of -35*k**2 - 11*k - 64. Let h be p(n). Calculate the highest common factor of h and 86.
43
Let y = -403 + 409. Suppose -4*o = 12, 5*c + 19 = y*c - 2*o. Calculate the highest common factor of c and 104.
13
Let n = -43076 - -71224. Calculate the greatest common factor of n and 124.
124
Let t be (-6)/105*-5 + 3420/(-63). Let p be (-1)/(6 - (-330)/t). Suppose -1 = -3*i + 3*r + 5, 3*i - 10 = 2*r. What is the highest common divisor of p and i?
3
Suppose -22*u + 30*u = 20*u - 2340. Calculate the greatest common divisor of u and 1209.
39
Let m be -2 + -1 - (12 + 247/(-13)). Calculate the greatest common divisor of m and 1436.
4
Suppose 2220 = -44*w + 8160. Calculate the highest common factor of 705 and w.
15
Suppose 0 = 2909*l - 2933*l + 1728. Calculate the greatest common divisor of 2760 and l.
24
Suppose 0 = 2*h - 2, -37*p + 32*p = -5*h - 14245. Calculate the greatest common divisor of 513 and p.
57
Let t = 73 - 48. Let b = t + 0. Suppose g + 19 = b. Calculate the highest common divisor of 54 and g.
6
Let v(w) = 1053*w - 7210. Let g be v(7). Calculate the highest common factor of 7268 and g.
23
Let p be -9*6/(-18) + 4 - 1. Let v = -1 - -19. What is the greatest common factor of p and v?
6
Let d be 52/91*21/18 + (-31200)/(-72). What is the greatest common factor of d and 24955?
217
Let d be ((-28)/(-63) - 8677/(-18))*6. Calculate the highest common divisor of d and 15.
15
Let o = 2571 - 1733. Suppose 1 = 4*w + 4*s - 667, 5*w = -4*s + o. Suppose 7*b = 8*b - w. Calculate the highest common divisor of 17 and b.
17
Suppose 10872 = -2*x - 11*x + 46323. What is the highest common divisor of 54 and x?
27
Let v(c) = 10*c**3 + 10*c**2 - 14*c - 3. Let d = -396 + 399. Let i be v(d). Calculate the greatest common factor of 15 and i.
15
Suppose 9*c + 4*v + 14 = 11*c, -5*c = 2*v + 1. Let x(m) = 5*m + 3. Let f be x(c). Calculate the highest common factor of 4 and f.
4
Let d(c) = 9*c**2 + 12*c + 81. Let l be d(12). What is the highest common divisor of l and 45?
9
Let l(c) = -c + 10. Let y(v) = -v + 5. Let i(w) = -3*l(w) + 5*y(w). Let u be i(0). Let t be ((-8)/u)/(6/15). Calculate the highest common factor of t and 44.
4
Suppose 3*a = 35*h - 30*h - 346, 0 = 3*h - a - 210. What is the greatest common divisor of h and 4899?
71
Suppose b - 2*b + 6813 = 0. Suppose 5*f = -25, -5*l = f - b - 647. Let x = l + -1053. Calculate the greatest common factor of x and 40.
40
Suppose 2*m - 114 = -108. Suppose 7*f = -m*f + 180. Calculate the greatest common divisor of f and 54.
18
Suppose -480*n - d = -479*n - 26, -3*d - 132 = -4*n. Calculate the greatest common divisor of n and 8742.
6
Let w = -162 + 171. Suppose -w*h + 201 + 384 = 0. Calculate the greatest common factor of 130 and h.
65
Suppose 14*a - 2*a = -9*a + 462. Calculate the greatest common factor of a and 2079.
11
Let i be 33/9 - 5 - (-42)/18. Let r be i/(-2) + 1443/26. What is the highest common factor of r and 121?
11
Suppose -2*d = 2*o - 78, 99*d - 141 = 96*d + o. Calculate the greatest common factor of 4365 and d.
45
Suppose -10587 = -186*p + 2805. Calculate the highest common factor of 2844 and p.
36
Let s(b) = b**2 - 98*b - 81. Let o be s(107). What is the highest common factor of o and 504?
126
Suppose 4*h = -2*g + 40, -4*h - 175*g + 180*g - 2 = 0. What is the greatest common divisor of 4 and h?
1
Suppose -21 = -2*m + m. Let o(k) be the first derivative of 2*k**2 - 9*k + 11. Let g be o(4). What is the greatest common divisor of g and m?
7
Let x = -20 - -5. Let r be (110/x)/(4/(-6)). Suppose 6*k = -24*k + 990. Calculate the highest common factor of r and k.
11
Suppose 2*q - 8 = 0, 5*t - 79 = -q + 35. Suppose 5*g + 561 = t*g. Calculate the highest common factor of g and 11.
11
Let r(v) = 358*v - 4931. Let s be r(14). Calculate the highest common divisor of s and 48.
3
Suppose 2407 = 20*y + 9*y. Let x be 3/1 + (y - -66). Calculate the greatest common divisor of x and 38.
38
Let r = -51 - -1. Let o = 100 + r. Calculate the greatest common factor of 125 and o.
25
Suppose -31615 + 609124 = 163*k. Calculate the greatest common factor of k and 3.
3
Let q(r) = r**3 - 35*r**2 - 345*r + 63. Let b b